List the prime factors of 32175552.
2, 3, 103, 1627
What are the prime factors of 11435156?
2, 31, 92219
List the prime factors of 3207718.
2, 23, 137, 509
List the prime factors of 5341785277.
3413, 1565129
List the prime factors of 6409424273.
7, 5903, 22159
What are the prime factors of 441831619?
193, 691, 3313
List the prime factors of 1218216270.
2, 3, 5, 40607209
List the prime factors of 4301091471.
3, 23, 29, 2149471
List the prime factors of 711924746.
2, 13, 3221, 8501
List the prime factors of 2221381726.
2, 557, 1994059
List the prime factors of 103592609.
41, 2526649
What are the prime factors of 665748276?
2, 3, 367, 151169
List the prime factors of 219785750.
2, 5, 879143
What are the prime factors of 145658425?
5, 11, 23, 23029
What are the prime factors of 2280252798?
2, 3, 23, 37, 148861
What are the prime factors of 1409264678?
2, 59, 11942921
List the prime factors of 757291156.
2, 41, 79, 58451
List the prime factors of 4995910364.
2, 20509, 60899
What are the prime factors of 5230127?
7, 747161
What are the prime factors of 5701095027?
3, 17, 19, 233, 443
What are the prime factors of 35183924?
2, 2647, 3323
List the prime factors of 68503312.
2, 113, 37889
List the prime factors of 1857272114.
2, 29, 89, 331, 1087
What are the prime factors of 60454787?
23, 41, 64109
What are the prime factors of 1329401508?
2, 3, 110783459
List the prime factors of 81735597.
3, 317, 28649
What are the prime factors of 67221370?
2, 5, 6722137
What are the prime factors of 758306440?
2, 5, 18957661
List the prime factors of 181549522.
2, 7, 11, 19, 62047
List the prime factors of 1304272006.
2, 107, 6094729
List the prime factors of 134715947.
19, 43, 181, 911
What are the prime factors of 5685269228?
2, 647, 2196781
List the prime factors of 1450248042.
2, 3, 491, 607, 811
List the prime factors of 843291009.
3, 11, 8518091
What are the prime factors of 2147485768?
2, 9439, 28439
What are the prime factors of 126156095?
5, 13, 181, 10723
What are the prime factors of 285420574?
2, 107, 1333741
List the prime factors of 161319222.
2, 3, 17, 10337
What are the prime factors of 6047796?
2, 3, 503983
What are the prime factors of 2449027771?
157, 2719, 5737
What are the prime factors of 179110286?
2, 89555143
What are the prime factors of 182254134?
2, 3, 30375689
List the prime factors of 28482925.
5, 127, 8971
List the prime factors of 2009213768.
2, 97, 2589193
List the prime factors of 294283608.
2, 3, 12261817
List the prime factors of 3009547633.
919, 1103, 2969
What are the prime factors of 3412446167?
13, 262495859
List the prime factors of 3637446804.
2, 3, 641, 52543
What are the prime factors of 379655079?
3, 126551693
List the prime factors of 2721583293.
3, 11, 13, 6344017
List the prime factors of 38323269.
3, 1987, 2143
List the prime factors of 3536339575.
5, 17, 223, 37313
List the prime factors of 2170551157.
2170551157
What are the prime factors of 77543040?
2, 3, 5, 40387
List the prime factors of 152810313.
3, 50936771
What are the prime factors of 4455087460?
2, 5, 222754373
List the prime factors of 2994169492.
2, 19, 53, 743339
What are the prime factors of 368592640?
2, 5, 13, 17, 1303
List the prime factors of 5306704.
2, 13, 31, 823
List the prime factors of 68976808.
2, 251, 34351
List the prime factors of 756643435.
5, 59, 79, 32467
What are the prime factors of 87019454?
2, 59, 193, 3821
List the prime factors of 138595970.
2, 5, 13859597
List the prime factors of 2390803793.
7, 23, 31, 479023
What are the prime factors of 697238426?
2, 53, 181, 36341
List the prime factors of 53802608.
2, 31, 67, 1619
What are the prime factors of 72998031?
3, 24332677
What are the prime factors of 48093572?
2, 12023393
What are the prime factors of 43188634?
2, 19, 109, 10427
What are the prime factors of 467281379?
29, 47, 342833
List the prime factors of 70625346.
2, 3, 11, 1070081
What are the prime factors of 5958367324?
2, 7, 13, 1153, 14197
List the prime factors of 180258744.
2, 3, 353, 21277
List the prime factors of 27351647.
4363, 6269
List the prime factors of 434729889.
3, 11, 12097
List the prime factors of 1027584181.
13, 3761, 21017
List the prime factors of 1155060723.
3, 385020241
What are the prime factors of 7085488?
2, 442843
List the prime factors of 3751456720.
2, 5, 11, 1583, 2693
What are the prime factors of 148317315?
3, 5, 233, 42437
What are the prime factors of 141391197?
3, 487, 10753
What are the prime factors of 410157305?
5, 1949, 42089
List the prime factors of 39285861.
3, 17, 770311
List the prime factors of 588593665.
5, 11, 239, 44777
List the prime factors of 149696594.
2, 17, 4402841
What are the prime factors of 2295798712?
2, 286974839
List the prime factors of 968998642.
2, 73, 1427, 4651
List the prime factors of 26541568.
2, 51839
List the prime factors of 5864411745.
3, 5, 14480029
What are the prime factors of 9997684?
2, 2499421
What are the prime factors of 4118235?
3, 5, 11, 2269
List the prime factors of 324608747.
324608747
What are the prime factors of 1325695857?
3, 441898619
What are the prime factors of 12605127?
3, 23, 31, 71, 83
List the prime factors of 160031079.
3, 13, 23, 43, 461
List the prime factors of 22818387.
3, 31, 109, 2251
List the prime factors of 499876028.
2, 2221, 56267
What are the prime factors of 3238199807?
1327, 2440241
What are the prime factors of 1463930390?
2, 5, 13, 866231
List the prime factors of 154318523.
23, 6709501
List the prime factors of 2122914.
2, 3, 353819
List the prime factors of 6728689455.
3, 5, 448579297
What are the prime factors of 66512821?
127, 229, 2287
What are the prime factors of 21716642?
2, 1657, 6553
List the prime factors of 87671208.
2, 3, 3652967
What are the prime factors of 37613598?
2, 3, 11, 569903
What are the prime factors of 145162095?
3, 5, 13, 163, 4567
What are the prime factors of 106343621?
106343621
What are the prime factors of 29282905?
5, 271, 21611
List the prime factors of 66374521.
66374521
What are the prime factors of 33748275?
3, 5, 11, 19, 2153
What are the prime factors of 34846530?
2, 3, 5, 1161551
What are the prime factors of 3437287689?
3, 11, 43, 509, 4759
What are the prime factors of 24042179?
7, 1627, 2111
List the prime factors of 8105087960.
2, 5, 17, 47, 253601
List the prime factors of 345261644.
2, 7, 13, 179, 757
What are the prime factors of 2165328924?
2, 3, 11, 16404007
List the prime factors of 23438826.
2, 3, 53, 79, 311
What are the prime factors of 1890280316?
2, 401, 1178479
List the prime factors of 503402507.
503402507
List the prime factors of 300770067.
3, 13, 293, 26321
List the prime factors of 508539414.
2, 3, 43, 89, 22147
List the prime factors of 334991709.
3, 13, 467, 6131
List the prime factors of 176967044.
2, 4243, 10427
List the prime factors of 63175485.
3, 5, 17, 29, 8543
What are the prime factors of 1867512843?
3, 7, 4234723
List the prime factors of 77130264.
2, 3, 53, 60637
What are the prime factors of 417623889?
3, 59, 107, 22051
What are the prime factors of 1890541874?
2, 13, 72713149
List the prime factors of 114419610.
2, 3, 5, 103, 12343
What are the prime factors of 1226765911?
7, 3576577
What are the prime factors of 200381434?
2, 11, 499, 18253
What are the prime factors of 1233143288?
2, 13, 11857147
What are the prime factors of 1509539607?
3, 19, 523, 16879
What are the prime factors of 1213314898?
2, 151, 4017599
List the prime factors of 2399509101.
3, 11, 72712397
What are the prime factors of 24301231?
139, 174829
What are the prime factors of 223920211?
223920211
What are the prime factors of 663872403?
3, 221290801
List the prime factors of 99588166.
2, 53, 939511
What are the prime factors of 44743979?
7, 2467, 2591
What are the prime factors of 26008283?
7, 17, 19, 11503
List the prime factors of 92710729.
239, 387911
What are the prime factors of 215604117?
3, 41, 557, 1049
What are the prime factors of 60853437?
3, 751277
What are the prime factors of 241275236?
2, 43, 1402763
What are the prime factors of 1002619911?
3, 19, 17589823
What are the prime factors of 215187163?
29, 853, 8699
What are the prime factors of 559657002?
2, 3, 2851, 32717
What are the prime factors of 910972373?
14303, 63691
What are the prime f